ndreds digit of 1096388770?
7
What is the hundred millions digit of 760896681?
7
What is the thousands digit of 33342905?
2
What is the billions digit of 4250894695?
4
What is the ten millions digit of 1546719902?
4
What is the units digit of 87623653?
3
What is the tens digit of 301226897?
9
What is the tens digit of 97766566?
6
What is the billions digit of 2415828452?
2
What is the tens digit of 9468030?
3
What is the ten millions digit of 7673460717?
7
What is the ten thousands digit of 4372332311?
3
What is the ten thousands digit of 19160141?
6
What is the billions digit of 8158190580?
8
What is the ten millions digit of 77991017?
7
What is the tens digit of 1085801196?
9
What is the hundred millions digit of 1666324790?
6
What is the hundred millions digit of 1085714282?
0
What is the hundred thousands digit of 162997054?
9
What is the ten thousands digit of 896239?
9
What is the hundred thousands digit of 79451979?
4
What is the hundreds digit of 1302637550?
5
What is the units digit of 585427376?
6
What is the hundreds digit of 1140014485?
4
What is the hundred thousands digit of 15605838?
6
What is the units digit of 129682968?
8
What is the tens digit of 44617580?
8
What is the ten thousands digit of 37224947?
2
What is the billions digit of 2687278810?
2
What is the hundred millions digit of 2842271345?
8
What is the thousands digit of 2098173048?
3
What is the millions digit of 1072823202?
2
What is the ten thousands digit of 322440693?
4
What is the thousands digit of 288606889?
6
What is the millions digit of 124379209?
4
What is the millions digit of 164493155?
4
What is the thousands digit of 4048933?
8
What is the units digit of 136499827?
7
What is the ten thousands digit of 26706498?
0
What is the units digit of 58637784?
4
What is the ten thousands digit of 53152392?
5
What is the units digit of 2081028599?
9
What is the hundreds digit of 300254125?
1
What is the millions digit of 21288004?
1
What is the millions digit of 2905701224?
5
What is the tens digit of 194815926?
2
What is the millions digit of 446744789?
6
What is the units digit of 83215270?
0
What is the ten millions digit of 105169046?
0
What is the ten millions digit of 1748170513?
4
What is the ten millions digit of 908431793?
0
What is the tens digit of 22949585?
8
What is the billions digit of 1116294155?
1
What is the millions digit of 47201305?
7
What is the units digit of 1783938192?
2
What is the units digit of 327958341?
1
What is the thousands digit of 85369777?
9
What is the hundreds digit of 278643281?
2
What is the hundred thousands digit of 96457348?
4
What is the hundreds digit of 230776173?
1
What is the hundreds digit of 5053168130?
1
What is the thousands digit of 213032749?
2
What is the ten millions digit of 25533897?
2
What is the hundreds digit of 658468127?
1
What is the hundred thousands digit of 110712028?
7
What is the millions digit of 38436605?
8
What is the hundred thousands digit of 227198084?
1
What is the hundred thousands digit of 13412614?
4
What is the hundred thousands digit of 26479305?
4
What is the thousands digit of 53528737?
8
What is the hundred millions digit of 149580754?
1
What is the hundred thousands digit of 98007311?
0
What is the hundred thousands digit of 114727284?
7
What is the ten millions digit of 122003560?
2
What is the hundred thousands digit of 3417871990?
8
What is the ten thousands digit of 5249436574?
3
What is the units digit of 286768086?
6
What is the hundreds digit of 56059319?
3
What is the units digit of 498506658?
8
What is the hundred thousands digit of 922262993?
2
What is the tens digit of 90904461?
6
What is the hundred millions digit of 193976798?
1
What is the hundred millions digit of 111013955?
1
What is the tens digit of 480323023?
2
What is the ten thousands digit of 44689453?
8
What is the units digit of 70297960?
0
What is the thousands digit of 1725629687?
9
What is the billions digit of 2602486032?
2
What is the units digit of 4642223?
3
What is the billions digit of 1030087106?
1
What is the units digit of 109170599?
9
What is the tens digit of 5039101016?
1
What is the units digit of 67456893?
3
What is the hundreds digit of 3218682897?
8
What is the millions digit of 590744166?
0
What is the millions digit of 847293996?
7
What is the hundreds digit of 55717439?
4
What is the ten millions digit of 21185016?
2
What is the millions digit of 426294648?
6
What is the ten millions digit of 775172862?
7
What is the hundreds digit of 102970431?
4
What is the hundreds digit of 7877369324?
3
What is the millions digit of 3437715379?
7
What is the units digit of 277528566?
6
What is the tens digit of 15009475?
7
What is the ten millions digit of 215081018?
1
What is the tens digit of 1905178573?
7
What is the tens digit of 10582604?
0
What is the thousands digit of 60198530?
8
What is the millions digit of 62776061?
2
What is the thousands digit of 22172938?
2
What is the hundred thousands digit of 476490859?
4
What is the tens digit of 114003281?
8
What is the hundred thousands digit of 61717380?
7
What is the hundred thousands digit of 779864024?
8
What is the hundred thousands digit of 161682053?
6
What is the ten millions digit of 261793377?
6
What is the hundred thousands digit of 107745944?
7
What is the units digit of 144713712?
2
What is the tens digit of 309354273?
7
What is the ten millions digit of 301434656?
0
What is the ten millions digit of 613125517?
1
What is the millions digit of 134810049?
4
What is the millions digit of 95145422?
5
What is the tens digit of 4685731648?
4
What is the millions digit of 391535157?
1
What is the millions digit of 219300549?
9
What is the hundred millions digit of 118242814?
1
What is the units digit of 1905428819?
9
What is the hundreds digit of 174475116?
1
What is the ten thousands digit of 1940952554?
5
What is the tens digit of 110997417?
1
What is the hundred millions digit of 615626113?
6
What is the millions digit of 48510433?
8
What is the ten thousands digit of 766476329?
7
What is the hundred thousands digit of 14796263?
7
What is the hundred thousands digit of 3222436626?
4
What is the ten millions digit of 50786248?
5
What is the thousands digit of 9441335?
1
What is the ten thousands digit of 459040183?
4
What is the hundreds digit of 694897759?
7
What is the hundred millions digit of 774354122?
7
What is the ten millions digit of 289403734?
8
What is the units digit of 62165034?
4
What is the millions digit of 49535266?
9
What is the hundred thousands digit of 33524820?
5
What is the units digit of 302423202?
2
What is the units digit of 906204770?
0
What is the ten millions digit of 823409581?
2
What is the units digit of 439720610?
0
What is the thousands digit of 39768383?
8
What is the units digit of 237851756?
6
What is the tens digit of 618693617?
1
What is the ten millions digit of 245411833?
4
What is the ten thousands digit of 2197000373?
0
What is the hundred millions digit of 141044864?
1
What is the hundreds digit of 25982782?
7
What is the millions digit of 2936220018?
6
What is the ten millions digit of 2538871194?
3
What is the tens digit of 466456656?
5
What is the hundreds digit of 769957028?
0
What is the ten thousands digit of 3051597738?
9
What is the hundreds digit of 72319026?
0
What is the ten millions digit of 44818135?
4
What is the hundreds digit of 14944216?
2
What is the ten thousands digit of 1413176436?
7
What is the tens digit of 7241986259?
5
What is the hundred millions digit of 7319926781?
3
What is the thousands digit of 61542984?
2
What is the ten thousands digit of 5559347619?
4
What is the thousands digit of 19995957?
5
What is the hundred millions digit of 138587375?
1
What is the ten thousands digit of 1473784704?
8
What is the thousands digit of 74813610?
3
What is the tens digit of 40885900?
0
What is the tens digit of 482421690?
9
What is the hundred thousands digit of 1072471847?
4
What is the ten millions digit of 6664663976?
6
What is the millions digit of 611804774?
1
What is the ten millions digit of 4163649873?
6
What is the ten thousands digit of 1451624196?
2
What is the thousands digit of 394788292?
8
What is the units digit of 3315970569?
9
What is the units digit of